prime factors of n?
2, 1451
Let b(a) = 4*a**3 + a - 3. Let c be b(2). Let o = -14 + c. List the prime factors of o.
17
Let m(u) = 5*u**3. Let g be m(1). Suppose -495 = g*c - 130. Let s = 116 + c. List the prime factors of s.
43
Let f(t) = -t**2 - 5*t + 27. Let u be f(-8). Suppose 6*q = u*q + 765. What are the prime factors of q?
3, 5, 17
Let u = 64 - 67. What are the prime factors of 51 - (u + (-9 + -3)/(-2))?
2, 3
Suppose 3*i + 100 = 616. What are the prime factors of i?
2, 43
Suppose 7*i = 4*y + 2*i - 1477, -1838 = -5*y - 2*i. List the prime factors of y.
2, 23
Let f be -2 + 1 + -1 + 17. Let q be (-53)/(-9) + 3/27. Suppose 0 = -3*h + q*h - f. What are the prime factors of h?
5
Suppose 0 = 3*i - 3*u + 210, 2*i = -2*u + u - 137. Let c = i - -126. Let g = c - 40. List the prime factors of g.
17
Let x(a) = 640*a**2 + a - 3. Let d be x(-3). What are the prime factors of (2/5)/(d/(-1440) - -4)?
2, 3
Let l(u) = -8*u + 19. Let o be l(5). What are the prime factors of -2 - (-7)/(o/(-27))?
7
Let d = -805 - -1605. What are the prime factors of d?
2, 5
Let z(i) = -3*i**2 + 3*i - 2. Let u be z(2). Let m be ((-130)/40)/(2/u). Let n(h) = -h**2 + 14*h + 6. List the prime factors of n(m).
19
Let q(d) = -d**2 + 4*d - 9. Let k be q(6). Let u be (-6)/k - (-16160)/35. Suppose a = 8*a - u. List the prime factors of a.
2, 3, 11
Suppose 3*w + 43 = -2. Let h = -10 - w. Suppose h*q = -15, q + 9 = -3*y - 4*q. List the prime factors of y.
2
Let o = -41 + 659. List the prime factors of o.
2, 3, 103
Suppose -20*c - 2*d = -18*c - 5830, 0 = 4*c + 5*d - 11655. What are the prime factors of c?
2, 5, 73
Let d(h) = -2*h**2 - 150*h**3 - 6*h + 2*h + 151*h**3 - 7. Let u be (-15)/(-2)*(-2)/(-3). What are the prime factors of d(u)?
2, 3
Suppose 0 = 2*n + 3*b - 1081, 978 = -4*n + 4*b + 3170. List the prime factors of n.
5, 109
Suppose 9*b - 10*b = -5*l - 2492, -3*b + 7440 = -3*l. List the prime factors of b.
2477
Suppose -3*u + 56 + 28 = 0. What are the prime factors of 1041/15 + u/(-20) + 1?
3, 23
Let g be (1 + 4)*2*(-21)/(-35). List the prime factors of (33/(-4) - -6)/(g/(-112)).
2, 3, 7
Let v(m) = m**2 - 5*m - 10. Let o be v(-2). Suppose 3*h - 245 = 5*t, 2*t - 516 + 198 = -o*h. What are the prime factors of h?
2, 5
Let j(m) = 2*m + 16. Let t = 24 - -3. Let c = t + -15. What are the prime factors of j(c)?
2, 5
Let f = -26 + 33. List the prime factors of 273/(-6)*(-12)/f - -3.
3
Let w(i) be the second derivative of i**5/20 + 4*i**4/3 - 10*i**3/3 + 5*i**2 - 4*i. What are the prime factors of w(-17)?
61
Let s(l) = -2*l**3 + 50*l**2 + 113*l - 36. What are the prime factors of s(27)?
3, 11
Let o = 84 - -1438. List the prime factors of o.
2, 761
Let s(q) = -q**2 + 6*q + 6. Let z be s(7). Let v be 6*((-8)/12)/z. Suppose v*o - 60 = 24. List the prime factors of o.
3, 7
Let s(v) = -v**3 + 7*v**2 - 7*v + 2. Let g be s(6). Let w be (-2)/(-6) + g/(-6). Let z = 3 - w. What are the prime factors of z?
2
Suppose -4060 = 19*m - 29*m. List the prime factors of m.
2, 7, 29
List the prime factors of (-10 - -390 - -6)*8.
2, 193
Suppose 27*u + 8537 - 56273 = 0. What are the prime factors of u?
2, 13, 17
Let l(a) = 2 - a**3 - 7*a**2 + 3*a**2 + 6*a - 5. Let h be l(-6). Suppose -3*d + g + 20 = 0, 3*g = -4*d - 2*g + h. List the prime factors of d.
7
Let n(j) = j**3 - 8*j**2 - 9*j + 10. Let l be n(8). Let h be 1/(-3) + l/(-6). Let c = 3 + h. What are the prime factors of c?
13
Let a be (41 - 39)*((-9)/2)/(-3). Let x(y) = 3*y**2 + 5*y - 9. List the prime factors of x(a).
3, 11
Suppose -4*m - 40 = -12. Let n(w) = -w**2 - 9*w - 10. Let o be n(m). Let i(g) = 6*g - 5. What are the prime factors of i(o)?
19
Suppose 4 = 5*w - 51. Let f(x) = x**2 - 10*x - 9. Let d be f(w). Suppose d*o - 2*t = 7*o - 167, -2*o - 4*t + 54 = 0. What are the prime factors of o?
5, 7
Let f(k) be the second derivative of -k**4/12 + 5*k**3/3 - 7*k**2/2 + 36*k. Let x(a) = 2*a**2 - 2. Let b be x(-2). List the prime factors of f(b).
17
List the prime factors of ((-48)/(-24))/((-2)/(-3889)).
3889
Let t = -1971 - -3556. What are the prime factors of t?
5, 317
Suppose 3*v = -v - 400. Let b = -37 - v. List the prime factors of b.
3, 7
Let w be 16/40 - 36/(-10). Suppose 366 = 2*n - w*h, -h + 490 = 3*n - 59. What are the prime factors of n?
3, 61
Let k(b) = b**3 + 13*b**2 - 21*b + 8. What are the prime factors of k(-13)?
281
Suppose -624 - 870 = -3*x. What are the prime factors of x?
2, 3, 83
Let v(b) = b**2 - 5*b. Let q be v(4). Let g = q - -6. What are the prime factors of (g - 11)/((-4)/4)?
3
Let c(d) = -41*d - 75. What are the prime factors of c(-59)?
2, 293
Let f(p) = -p**3 + 9*p**2 + 17*p + 3. Let j be f(12). Let x = -150 - j. List the prime factors of x.
3, 5
Let o = 635 + 70. List the prime factors of o.
3, 5, 47
Suppose -15238 = -9*d + 5111. What are the prime factors of d?
7, 17, 19
Let s(t) = -504*t + 55. List the prime factors of s(-4).
19, 109
Suppose 24*s - 19*s = 10. Suppose -s*g + 23 = 17. List the prime factors of g.
3
Suppose 4*p - 43 = 97. Let f = -18 + p. List the prime factors of f.
17
Let j(i) = 9*i + 2. Let x(y) = 217*y + 49. Let c(u) = 49*j(u) - 2*x(u). Let p be c(-15). Let h = p + 156. List the prime factors of h.
3, 17
What are the prime factors of (12/(-8))/(3/(-396))?
2, 3, 11
Suppose 5*a - 28*m = -29*m + 8186, a = m + 1636. What are the prime factors of a?
1637
Let h(i) = i**2 - 19*i + 18. Let g = 173 - 101. Let z = g - 51. What are the prime factors of h(z)?
2, 3, 5
Let m(h) = 4*h**3 + 9*h. Let d be m(7). Suppose 20*s - 15*s = d. List the prime factors of s.
7, 41
Suppose 3469 = 10*x - 11341. List the prime factors of x.
1481
Let r(q) = q + 4. Let k be ((-9)/(-3) + -5)*1. Let j be r(k). Suppose -t + 63 = j*t. List the prime factors of t.
3, 7
Let b(k) = -k**3 + k**2 - k + 48. Suppose -4*o = h - 16, 3*o + 2*o = 20. What are the prime factors of b(h)?
2, 3
Let p = -3707 + 6185. List the prime factors of p.
2, 3, 7, 59
What are the prime factors of (-104)/(-468) - -28*455/18?
2, 3, 59
Suppose -580*t + 4924 = -578*t. What are the prime factors of t?
2, 1231
Let l be ((-8)/5)/(1/15). Let o = 56 + l. List the prime factors of o.
2
Suppose -9*h - 13*h = 0. Let q be (-196)/(-6) + (-2)/3. Suppose h*t - q = -t. What are the prime factors of t?
2
Let m = 602 + -265. List the prime factors of m.
337
Suppose 8 + 2 = 2*r + 2*v, -1 = 3*r - 5*v. Suppose 0 = -8*n + r*n + 15. List the prime factors of n.
3
Let x(w) = 1 - 5*w - w**2 + 3*w**2 + 10*w. Let j be x(5). Suppose -2*r - j = -6*r. List the prime factors of r.
19
Let f = 1700 + -232. What are the prime factors of f?
2, 367
Suppose q - 4 = -q. Suppose q*z - 6*z + 2*c - 420 = 0, -c - 315 = 3*z. What are the prime factors of -4*(z/12 - -3)?
23
Suppose 310 = 3*r + 2*j, 0 = -3*j + 4*j + 4. Suppose 0 = q - 4*f + 42 - r, -5*f = -3*q + 157. List the prime factors of q.
2, 11
List the prime factors of 28*(3/12 + (-2)/(-56)).
2
List the prime factors of 1*34*3213/54.
7, 17
Suppose -8*z = -6*z + 240. List the prime factors of (-9)/6*(z/2 + -2).
3, 31
Let a be 39/5 - (-4)/((-120)/(-6)). Suppose a*b = -3*b + 781. List the prime factors of b.
71
Let k be (4 - 8*-34) + -1. Let z = k - 89. List the prime factors of z.
2, 3, 31
Let r be (-1)/((28/492)/(-7)). Suppose u = 4*u - r. What are the prime factors of u?
41
Suppose 17 = 5*l - 78. Suppose 0 = 2*r + u - l, 7 = 5*r - 4*r + u. List the prime factors of r.
2, 3
Suppose 2*k + 4 = 10. Suppose -k*y + 504 = 5*y. List the prime factors of y.
3, 7
Let m be ((-12)/(-8) + -2)*-4. Suppose m*s + 8 = 2. What are the prime factors of (2 + s - -3) + 16?
2, 3
Suppose 0 = 2*b + 3*b. Suppose b = -p - 5*z + 53, -3*p + 4*z + 69 = z. What are the prime factors of p?
2, 7
Suppose 2*j = 6*j - 64. Let u = -7 + j. Suppose -64 = u*b - 13*b. What are the prime factors of b?
2
Suppose x = 4*r + 78, 151 = 2*x + 3*r - 60. What are the prime factors of x?
2, 7
Suppose -14 = -5*w + 296. Suppose -h - w + 220 = 3*f, f - 4*h = 70. What are the prime factors of f?
2, 3
Let r = -62 + 64. Suppose -2*m = 2*f + f - 230, 0 = -2*f - r*m + 152. List the prime factors of f.
2, 3, 13
Let f(k) = 1 + 4*k + 1 - k**2 - 1. Let l be f(3). Suppose 0 = l*a + a - 90. What are the prime factors of a?
2, 3
Suppose 1314 = 2*p + 5*c, -c - 1208 - 797 = -3*p. What are the prime factors of p?
23, 